{"id":8,"date":"2022-11-08T21:15:01","date_gmt":"2022-11-08T21:15:01","guid":{"rendered":"https:\/\/www.cenfesac.org.mx\/?page_id=8"},"modified":"2025-07-21T20:40:21","modified_gmt":"2025-07-21T20:40:21","slug":"cenfes-a-c","status":"publish","type":"page","link":"https:\/\/www.cenfesac.org.mx\/","title":{"rendered":"CENFES, A.C."},"content":{"rendered":"<p>[et_pb_section fb_built=&#8221;1&#8243; inner_shadow=&#8221;on&#8221; _builder_version=&#8221;4.7.7&#8243; _module_preset=&#8221;default&#8221; use_background_color_gradient=&#8221;on&#8221; background_color_gradient_start=&#8221;rgba(0,0,0,0)&#8221; background_color_gradient_end=&#8221;rgba(0,0,0,0)&#8221; background_enable_image=&#8221;off&#8221; parallax=&#8221;on&#8221; width=&#8221;98%&#8221; max_width=&#8221;83%&#8221; module_alignment=&#8221;center&#8221; min_height=&#8221;810px&#8221; custom_padding=&#8221;0px||0px|||&#8221; filter_saturate=&#8221;94%&#8221; filter_brightness=&#8221;95%&#8221; filter_contrast=&#8221;124%&#8221; filter_invert=&#8221;4%&#8221; mix_blend_mode=&#8221;multiply&#8221; animation_style=&#8221;fade&#8221;][et_pb_row _builder_version=&#8221;4.7.7&#8243; _module_preset=&#8221;default&#8221; custom_padding=&#8221;268px|||||&#8221;][et_pb_column type=&#8221;4_4&#8243; _builder_version=&#8221;4.7.7&#8243; _module_preset=&#8221;default&#8221;][et_pb_image src=&#8221;http:\/\/www.cenfesac.org.mx\/wp-content\/uploads\/2025\/03\/LOGO-COLOR-HORIZONTAL.png&#8221; title_text=&#8221;LOGO COLOR HORIZONTAL&#8221; _builder_version=&#8221;4.7.7&#8243; _module_preset=&#8221;default&#8221; transform_translate=&#8221;0px|-188px&#8221; animation_style=&#8221;roll&#8221;][\/et_pb_image][et_pb_text _builder_version=&#8221;4.7.7&#8243; _module_preset=&#8221;default&#8221; min_height=&#8221;6px&#8221; custom_margin=&#8221;-98px||14px|||&#8221; custom_padding=&#8221;||2px|||&#8221;]<\/p>\n<h1 style=\"text-align: center;\"><strong>GENERA TU CITA EN CENFES, A.C.<\/strong><\/h1>\n<p>[\/et_pb_text][et_pb_button button_url=&#8221;http:\/\/operador.cenfesac.org.mx:8081\/cgi-bin\/operador\/acceso_v1.cgi&#8221; button_text=&#8221;ENTRA AQU\u00cd&#8221; button_alignment=&#8221;center&#8221; _builder_version=&#8221;4.7.7&#8243; _module_preset=&#8221;default&#8221; custom_button=&#8221;on&#8221; button_text_size=&#8221;28px&#8221; button_text_color=&#8221;#ffffff&#8221; button_bg_color=&#8221;#e02b20&#8243; button_border_width=&#8221;9px&#8221; button_border_color=&#8221;#e09900&#8243; button_border_radius=&#8221;17px&#8221; button_letter_spacing=&#8221;1px&#8221; button_font=&#8221;Aleo||||||||&#8221; button_icon=&#8221;%%24%%&#8221; button_text_shadow_style=&#8221;preset4&#8243;][\/et_pb_button][\/et_pb_column][\/et_pb_row][\/et_pb_section][et_pb_section fb_built=&#8221;1&#8243; _builder_version=&#8221;4.7.7&#8243; _module_preset=&#8221;default&#8221; min_height=&#8221;691.4px&#8221; custom_margin=&#8221;-44px||-69px|||&#8221;][et_pb_row column_structure=&#8221;1_2,1_2&#8243; _builder_version=&#8221;4.7.7&#8243; _module_preset=&#8221;default&#8221; min_height=&#8221;644.4px&#8221; custom_margin=&#8221;-22px|auto|-46px|auto||&#8221; custom_padding=&#8221;18px||0px|||&#8221;][et_pb_column type=&#8221;1_2&#8243; _builder_version=&#8221;4.7.7&#8243; _module_preset=&#8221;default&#8221;][et_pb_image src=&#8221;http:\/\/www.cenfesac.org.mx\/wp-content\/uploads\/2025\/01\/Captura-de-pantalla-2025-01-20-a-las-12.52.39.png&#8221; title_text=&#8221;Captura de pantalla 2025-01-20 a la(s) 12.52.39&#8243; _builder_version=&#8221;4.7.7&#8243; _module_preset=&#8221;default&#8221; transform_scale=&#8221;92%|92%&#8221; transform_translate=&#8221;-24px|-9px&#8221;][\/et_pb_image][et_pb_image src=&#8221;http:\/\/www.cenfesac.org.mx\/wp-content\/uploads\/2025\/01\/LICENCIA-D-CARGA-COSTOS.png&#8221; title_text=&#8221;LICENCIA D CARGA COSTOS&#8221; _builder_version=&#8221;4.7.7&#8243; _module_preset=&#8221;default&#8221; transform_scale=&#8221;94%|94%&#8221; transform_translate=&#8221;-25px|-20px&#8221;][\/et_pb_image][\/et_pb_column][et_pb_column type=&#8221;1_2&#8243; _builder_version=&#8221;4.7.7&#8243; _module_preset=&#8221;default&#8221;][et_pb_image src=&#8221;http:\/\/www.cenfesac.org.mx\/wp-content\/uploads\/2025\/01\/LICENCIA-C-COSTOS-2.png&#8221; title_text=&#8221;LICENCIA C COSTOS (2)&#8221; _builder_version=&#8221;4.7.7&#8243; _module_preset=&#8221;default&#8221; transform_scale=&#8221;92%|92%&#8221; transform_translate=&#8221;-12px|-10px&#8221;][\/et_pb_image][et_pb_image src=&#8221;http:\/\/www.cenfesac.org.mx\/wp-content\/uploads\/2025\/01\/LICENCIA-E-ESPECIALIZADOS-COSTOS.png&#8221; title_text=&#8221;LICENCIA E ESPECIALIZADOS COSTOS&#8221; _builder_version=&#8221;4.7.7&#8243; _module_preset=&#8221;default&#8221; transform_scale=&#8221;94%|94%&#8221; transform_translate=&#8221;-21px|-20px&#8221;][\/et_pb_image][\/et_pb_column][\/et_pb_row][et_pb_row _builder_version=&#8221;4.7.7&#8243; _module_preset=&#8221;default&#8221;][et_pb_column _builder_version=&#8221;4.7.7&#8243; _module_preset=&#8221;default&#8221; type=&#8221;4_4&#8243;][et_pb_image src=&#8221;http:\/\/www.cenfesac.org.mx\/wp-content\/uploads\/2024\/11\/servicios-adicionales-B.png&#8221; _builder_version=&#8221;4.7.7&#8243; _module_preset=&#8221;default&#8221; title_text=&#8221;servicios adicionales B&#8221; transform_scale=&#8221;80%|80%&#8221; hover_enabled=&#8221;0&#8243; sticky_enabled=&#8221;0&#8243; custom_margin=&#8221;-35px|||||&#8221;][\/et_pb_image][\/et_pb_column][\/et_pb_row][\/et_pb_section][et_pb_section fb_built=&#8221;1&#8243; _builder_version=&#8221;4.7.7&#8243; _module_preset=&#8221;default&#8221; custom_margin=&#8221;||-14px|||&#8221;][et_pb_row column_structure=&#8221;1_3,1_3,1_3&#8243; _builder_version=&#8221;4.7.7&#8243; _module_preset=&#8221;default&#8221; custom_margin=&#8221;|auto|-124px|auto||&#8221;][et_pb_column type=&#8221;1_3&#8243; _builder_version=&#8221;4.7.7&#8243; _module_preset=&#8221;default&#8221;][et_pb_button button_url=&#8221;https:\/\/www.cenfesac.org.mx\/index.php\/info-cenfes\/&#8221; button_text=&#8221;NOSOTROS&#8221; _builder_version=&#8221;4.7.7&#8243; _module_preset=&#8221;default&#8221; custom_button=&#8221;on&#8221; button_text_color=&#8221;#ffffff&#8221; button_bg_color=&#8221;#e09900&#8243; button_border_width=&#8221;2px&#8221; button_border_radius=&#8221;13px&#8221; button_letter_spacing=&#8221;2px&#8221; button_font=&#8221;Alata||||||||&#8221; button_use_icon=&#8221;off&#8221; button_text_shadow_style=&#8221;preset5&#8243; button_text_shadow_color=&#8221;#474747&#8243;][\/et_pb_button][et_pb_accordion _builder_version=&#8221;4.7.7&#8243; _module_preset=&#8221;default&#8221;][et_pb_accordion_item title=&#8221;QUIENES SOMOS&#8221; open=&#8221;on&#8221; _builder_version=&#8221;4.7.7&#8243; _module_preset=&#8221;default&#8221;]EL CENTRO PARA EL FOMENTO DE LA EDUCACI\u00d3N Y SALUD DE LOS OPERARIOS DE LA CIUDAD DE M\u00c9XICO es una asociaci\u00f3n civil que opera mediante un covenio de colaboraci\u00f3n con la Secretar\u00eda de Movilidad (SEMOVI)<\/p>\n<p>Desde 2008 colabora con los asociados:<\/p>\n<p>INSTITUTO POLITECNICO NACIONAL (IPN)<\/p>\n<p>y la UNIVERSIDAD AUTONOMA DE LA CIUDAD DE MEXICO (UACM).<\/p>\n<p>Somos la instancia encargada de evaluar a los operarios de transporte p\u00fablico de pasajeros y carga, a fin de obtener la licencia que les permita ofrecer este servicio de forma regular y segura en la CDMX.[\/et_pb_accordion_item][et_pb_accordion_item title=&#8221;OBJETIVO&#8221; _builder_version=&#8221;4.7.7&#8243; _module_preset=&#8221;default&#8221; open=&#8221;off&#8221;]El Centro para el Fomento de la Educaci\u00f3n y Salud de los Operarios del Transporte P\u00fablico de la Ciudad de M\u00e9xico tiene por objeto coadyuvar con las autoridades locales de la CDMX para desarrollar programas educativos y culturales que apoyen a la formaci\u00f3n integral, en materia de salud, habilidades de manejo y capacitaci\u00f3n permanente de los\u00a0 (las operarios (as) del transporte p\u00fablico de la Ciudad de M\u00e9xico.[\/et_pb_accordion_item][et_pb_accordion_item title=&#8221;MISION&#8221; _builder_version=&#8221;4.7.7&#8243; _module_preset=&#8221;default&#8221; open=&#8221;off&#8221;]Profesionalizar, actualizar y fortalecer las habilidades de los operarios (as) del transporte p\u00fablico a trav\u00e9s de un programa integral que incluye promoci\u00f3n de la salud, capacitaci\u00f3n, formaci\u00f3n continua y pericia de manejo, motivando a la conciencia y responsabilidad en su profesi\u00f3n para que lo desarrollen con integridad y responsabilidad.[\/et_pb_accordion_item][et_pb_accordion_item title=&#8221;VISI\u00d3N&#8221; _builder_version=&#8221;4.7.7&#8243; _module_preset=&#8221;default&#8221; open=&#8221;off&#8221;]Ser una organizaci\u00f3n que transforme e incida en elevar la calidad del servicio del transporte p\u00fablico y la movilidad en la Ciudad de M\u00e9xico, con una perspectiva de seguridad y sustentabilidad.[\/et_pb_accordion_item][et_pb_accordion_item title=&#8221;VALORES&#8221; _builder_version=&#8221;4.7.7&#8243; _module_preset=&#8221;default&#8221; open=&#8221;off&#8221;]- CALIDAD Y \u00c9TICA PROFESIONAL.<\/p>\n<p>&#8211; RESPETO AL USUARIO (A) Y A LOS COMPA\u00d1EROS (AS) DE TRABAJO.<\/p>\n<p>&#8211; HONESTIDAD Y TRANSPARENCIA.<\/p>\n<p>&#8211; TRABAJO EN EQUIPO.<\/p>\n<p>-GENERACI\u00d3N DE IDEAS INNOVADORAS.<\/p>\n<p>-INSTRUMENTAR EL ENFOQUE DE EQUIDAD ENTRE LOS G\u00c9NEROS EN TODAS LAS ACCIONES DIARIAS.<\/p>\n<p>&#8211; SENSIBILIDAD Y COMPROMISO SOCIAL.[\/et_pb_accordion_item][\/et_pb_accordion][et_pb_social_media_follow _builder_version=&#8221;4.7.7&#8243; _module_preset=&#8221;default&#8221;][et_pb_social_media_follow_network social_network=&#8221;facebook&#8221; url=&#8221;https:\/\/www.facebook.com\/cenfes.ac\/&#8221; _builder_version=&#8221;4.7.7&#8243; _module_preset=&#8221;default&#8221; background_color=&#8221;#3b5998&#8243; transform_scale=&#8221;106%|106%&#8221; follow_button=&#8221;off&#8221; url_new_window=&#8221;on&#8221;]facebook[\/et_pb_social_media_follow_network][et_pb_social_media_follow_network social_network=&#8221;twitter&#8221; url=&#8221;https:\/\/x.com\/_CenfesAC?t=bWMahF5gu3sijAOXr2RkZw&#038;s=08&#8243; _builder_version=&#8221;4.7.7&#8243; _module_preset=&#8221;default&#8221; background_color=&#8221;#00aced&#8221; transform_scale=&#8221;106%|106%&#8221; follow_button=&#8221;off&#8221; url_new_window=&#8221;on&#8221;]twitter[\/et_pb_social_media_follow_network][et_pb_social_media_follow_network social_network=&#8221;instagram&#8221; url=&#8221;https:\/\/www.instagram.com\/cenfes_ac_oficial\/&#8221; _builder_version=&#8221;4.7.7&#8243; _module_preset=&#8221;default&#8221; background_color=&#8221;#ea2c59&#8243; transform_scale=&#8221;108%|108%&#8221; follow_button=&#8221;off&#8221; url_new_window=&#8221;on&#8221;]instagram[\/et_pb_social_media_follow_network][\/et_pb_social_media_follow][et_pb_image src=&#8221;http:\/\/www.cenfesac.org.mx\/wp-content\/uploads\/2025\/01\/la-de-gestion.png&#8221; title_text=&#8221;la de gestion&#8221; _builder_version=&#8221;4.7.7&#8243; _module_preset=&#8221;default&#8221; transform_scale=&#8221;62%|62%&#8221; transform_translate=&#8221;-101px|-200px&#8221;][\/et_pb_image][\/et_pb_column][et_pb_column type=&#8221;1_3&#8243; _builder_version=&#8221;4.7.7&#8243; _module_preset=&#8221;default&#8221;][et_pb_button button_url=&#8221;https:\/\/www.cenfesac.org.mx\/index.php\/contactanos\/&#8221; button_text=&#8221;SERVICIOS&#8221; button_alignment=&#8221;center&#8221; _builder_version=&#8221;4.7.7&#8243; _module_preset=&#8221;default&#8221; custom_button=&#8221;on&#8221; button_text_color=&#8221;#ffffff&#8221; button_bg_color=&#8221;#e09900&#8243; button_border_radius=&#8221;13px&#8221; button_letter_spacing=&#8221;0px&#8221; button_font=&#8221;Alata||||||||&#8221; button_use_icon=&#8221;off&#8221; button_text_shadow_style=&#8221;preset5&#8243; button_text_shadow_color=&#8221;#474747&#8243;][\/et_pb_button][et_pb_image src=&#8221;http:\/\/www.cenfesac.org.mx\/wp-content\/uploads\/2024\/07\/EVALUACION-MEDICA-PIC.png&#8221; title_text=&#8221;EVALUACION-MEDICA-PIC&#8221; _builder_version=&#8221;4.7.7&#8243; _module_preset=&#8221;default&#8221; animation_style=&#8221;slide&#8221;][\/et_pb_image][et_pb_text _builder_version=&#8221;4.7.7&#8243; _module_preset=&#8221;default&#8221; background_color=&#8221;rgba(0,0,0,0)&#8221; transform_translate=&#8221;-2px|-27px&#8221; border_width_all=&#8221;3px&#8221; border_color_all=&#8221;#0c71c3&#8243;]<\/p>\n<p style=\"text-align: center;\"><span style=\"color: #000000;\"><strong>SALUD. <\/strong>Evaluaci\u00f3n m\u00e9dica integral a\u00a0<\/span><span style=\"color: #000000;\">operarios del transporte p\u00fablico a trav\u00e9s de estudios y diagn\u00f3sticos, con base en los resultados de laboratorio, enfermer\u00eda, m\u00e9dica, psicolog\u00eda y promoci\u00f3n de la salud<\/span><\/p>\n<p>[\/et_pb_text][et_pb_image src=&#8221;http:\/\/www.cenfesac.org.mx\/wp-content\/uploads\/2024\/07\/EVALUACION-PERICIA-PIC.png&#8221; title_text=&#8221;EVALUACION-PERICIA-PIC&#8221; _builder_version=&#8221;4.7.7&#8243; _module_preset=&#8221;default&#8221; animation_style=&#8221;slide&#8221;][\/et_pb_image][et_pb_text _builder_version=&#8221;4.7.7&#8243; _module_preset=&#8221;default&#8221; transform_translate=&#8221;-2px|-27px&#8221; border_width_all=&#8221;3px&#8221; border_color_all=&#8221;#e09900&#8243;]<\/p>\n<p style=\"text-align: center;\"><strong>PERICIA. <\/strong>Evaluaci\u00f3n de conocimientos y desempe\u00f1o de los operarios del transporte p\u00fablico, a fin de garantizar el correcto cumplimiento de sus habilidades de forma segura.<\/p>\n<p>[\/et_pb_text][et_pb_image src=&#8221;http:\/\/www.cenfesac.org.mx\/wp-content\/uploads\/2025\/01\/IMG_20250123_122131857-scaled-e1737658487181-1.jpg&#8221; title_text=&#8221;IMG_20250123_122131857-scaled-e1737658487181&#8243; _builder_version=&#8221;4.7.7&#8243; _module_preset=&#8221;default&#8221; animation_style=&#8221;zoom&#8221;][\/et_pb_image][et_pb_text _builder_version=&#8221;4.7.7&#8243; _module_preset=&#8221;default&#8221; transform_translate=&#8221;0px|-26px&#8221; border_width_all=&#8221;3px&#8221; border_color_all=&#8221;#000000&#8243;]<\/p>\n<p style=\"text-align: center;\"><strong>CAPACITACI\u00d3N. <\/strong>Educaci\u00f3n y actualizaci\u00f3n permanente de los operarios de transporte p\u00fablico en general, en entorno a la movilidad, educaci\u00f3n vial, prevenci\u00f3n de hechos de tr\u00e1nsito y perspectiva de g\u00e9nero.<\/p>\n<p>[\/et_pb_text][\/et_pb_column][et_pb_column type=&#8221;1_3&#8243; _builder_version=&#8221;4.7.7&#8243; _module_preset=&#8221;default&#8221;][et_pb_button button_url=&#8221;https:\/\/www.cenfesac.org.mx\/index.php\/contacto-correo\/&#8221; button_text=&#8221;CONTACTO&#8221; button_alignment=&#8221;right&#8221; _builder_version=&#8221;4.7.7&#8243; _module_preset=&#8221;default&#8221; custom_button=&#8221;on&#8221; button_text_color=&#8221;#ffffff&#8221; button_bg_color=&#8221;#e09900&#8243; button_border_radius=&#8221;12px&#8221; button_font=&#8221;Alata||||||||&#8221; button_use_icon=&#8221;off&#8221; button_text_shadow_style=&#8221;preset5&#8243; button_text_shadow_color=&#8221;#474747&#8243;][\/et_pb_button][et_pb_code _builder_version=&#8221;4.7.7&#8243; _module_preset=&#8221;default&#8221; border_width_all=&#8221;3px&#8221; border_color_all=&#8221;#6b6b6b&#8221;]<iframe loading=\"lazy\" style=\"border: 0;\" src=\"https:\/\/www.google.com\/maps\/embed?pb=!1m14!1m8!1m3!1d1880.639542513009!2d-99.0931122!3d19.4866251!3m2!1i1024!2i768!4f13.1!3m3!1m2!1s0x85d1f962bc765c77%3A0x1132149d112d4dd2!2sCenfes%20A.C.!5e0!3m2!1ses!2smx!4v1737146396366!5m2!1ses!2smx\" width=\"600\" height=\"450\" allowfullscreen=\"allowfullscreen\"><\/iframe>[\/et_pb_code][et_pb_text _builder_version=&#8221;4.7.7&#8243; _module_preset=&#8221;default&#8221;]<\/p>\n<p style=\"text-align: right;\">Estamos ubicados en Oriente 157 SN. Col. EL Coyol Casi Eje 3 Ote, Eduardo Molina, Gustavo A. Madero, 07420 Ciudad de M\u00e9xico,\u00a0a unos pasos de la estaci\u00f3n del\u00a0<strong>MetroB\u00fas EL COYOL l\u00ednea 5<\/strong><\/p>\n<p>[\/et_pb_text][et_pb_image src=&#8221;http:\/\/www.cenfesac.org.mx\/wp-content\/uploads\/2025\/01\/Captura-de-pantalla_20250114_033909.png&#8221; title_text=&#8221;Captura de pantalla_20250114_033909&#8243; _builder_version=&#8221;4.7.7&#8243; _module_preset=&#8221;default&#8221; transform_scale=&#8221;82%|82%&#8221; transform_translate=&#8221;38px|-35px&#8221; animation_style=&#8221;fold&#8221;][\/et_pb_image][et_pb_image src=&#8221;http:\/\/www.cenfesac.org.mx\/wp-content\/uploads\/2024\/10\/ubicacion-1-e1736964849521.png&#8221; title_text=&#8221;ubicacion-1&#8243; _builder_version=&#8221;4.7.7&#8243; _module_preset=&#8221;default&#8221; transform_translate=&#8221;0px|-66px&#8221;][\/et_pb_image][et_pb_image src=&#8221;http:\/\/www.cenfesac.org.mx\/wp-content\/uploads\/2025\/01\/Captura-de-pantalla_20250120_010729.png&#8221; title_text=&#8221;Captura de pantalla_20250120_010729&#8243; _builder_version=&#8221;4.7.7&#8243; _module_preset=&#8221;default&#8221; transform_translate=&#8221;-2px|-71px&#8221; animation_style=&#8221;fold&#8221;][\/et_pb_image][et_pb_button button_url=&#8221;https:\/\/www.cenfesac.org.mx\/index.php\/contacto-correo\/&#8221; button_text=&#8221;BUZ\u00d3N&#8221; button_alignment=&#8221;center&#8221; _builder_version=&#8221;4.7.7&#8243; _module_preset=&#8221;default&#8221; custom_button=&#8221;on&#8221; button_text_size=&#8221;28px&#8221; button_text_color=&#8221;#ffffff&#8221; button_bg_color=&#8221;#e09900&#8243; button_border_width=&#8221;2px&#8221; button_border_radius=&#8221;18px&#8221; button_letter_spacing=&#8221;5px&#8221; button_font=&#8221;Aleo||||||||&#8221; button_icon=&#8221;%%238%%&#8221; button_icon_color=&#8221;#ffffff&#8221;][\/et_pb_button][\/et_pb_column][\/et_pb_row][\/et_pb_section]<\/p>\n","protected":false},"excerpt":{"rendered":"<p>[et_pb_section fb_built=&#8221;1&#8243; inner_shadow=&#8221;on&#8221; _builder_version=&#8221;4.7.7&#8243; _module_preset=&#8221;default&#8221; use_background_color_gradient=&#8221;on&#8221; background_color_gradient_start=&#8221;rgba(0,0,0,0)&#8221; background_color_gradient_end=&#8221;rgba(0,0,0,0)&#8221; background_enable_image=&#8221;off&#8221; parallax=&#8221;on&#8221; width=&#8221;98%&#8221; max_width=&#8221;83%&#8221; module_alignment=&#8221;center&#8221; min_height=&#8221;810px&#8221; custom_padding=&#8221;0px||0px|||&#8221; filter_saturate=&#8221;94%&#8221; filter_brightness=&#8221;95%&#8221; filter_contrast=&#8221;124%&#8221; filter_invert=&#8221;4%&#8221; mix_blend_mode=&#8221;multiply&#8221; animation_style=&#8221;fade&#8221;][et_pb_row _builder_version=&#8221;4.7.7&#8243; _module_preset=&#8221;default&#8221; custom_padding=&#8221;268px|||||&#8221;][et_pb_column type=&#8221;4_4&#8243; _builder_version=&#8221;4.7.7&#8243; _module_preset=&#8221;default&#8221;][et_pb_image src=&#8221;http:\/\/www.cenfesac.org.mx\/wp-content\/uploads\/2025\/03\/LOGO-COLOR-HORIZONTAL.png&#8221; title_text=&#8221;LOGO COLOR HORIZONTAL&#8221; _builder_version=&#8221;4.7.7&#8243; _module_preset=&#8221;default&#8221; transform_translate=&#8221;0px|-188px&#8221; animation_style=&#8221;roll&#8221;][\/et_pb_image][et_pb_text _builder_version=&#8221;4.7.7&#8243; _module_preset=&#8221;default&#8221; min_height=&#8221;6px&#8221; custom_margin=&#8221;-98px||14px|||&#8221; custom_padding=&#8221;||2px|||&#8221;] GENERA TU CITA EN CENFES, A.C. [\/et_pb_text][et_pb_button button_url=&#8221;http:\/\/operador.cenfesac.org.mx:8081\/cgi-bin\/operador\/acceso_v1.cgi&#8221; button_text=&#8221;ENTRA AQU\u00cd&#8221; button_alignment=&#8221;center&#8221; _builder_version=&#8221;4.7.7&#8243; _module_preset=&#8221;default&#8221; custom_button=&#8221;on&#8221; button_text_size=&#8221;28px&#8221; [&hellip;]<\/p>\n","protected":false},"author":1,"featured_media":0,"parent":0,"menu_order":0,"comment_status":"closed","ping_status":"closed","template":"","meta":{"_et_pb_use_builder":"on","_et_pb_old_content":"","_et_gb_content_width":"","footnotes":""},"jetpack_sharing_enabled":true,"_links":{"self":[{"href":"https:\/\/www.cenfesac.org.mx\/index.php\/wp-json\/wp\/v2\/pages\/8"}],"collection":[{"href":"https:\/\/www.cenfesac.org.mx\/index.php\/wp-json\/wp\/v2\/pages"}],"about":[{"href":"https:\/\/www.cenfesac.org.mx\/index.php\/wp-json\/wp\/v2\/types\/page"}],"author":[{"embeddable":true,"href":"https:\/\/www.cenfesac.org.mx\/index.php\/wp-json\/wp\/v2\/users\/1"}],"replies":[{"embeddable":true,"href":"https:\/\/www.cenfesac.org.mx\/index.php\/wp-json\/wp\/v2\/comments?post=8"}],"version-history":[{"count":126,"href":"https:\/\/www.cenfesac.org.mx\/index.php\/wp-json\/wp\/v2\/pages\/8\/revisions"}],"predecessor-version":[{"id":2991,"href":"https:\/\/www.cenfesac.org.mx\/index.php\/wp-json\/wp\/v2\/pages\/8\/revisions\/2991"}],"wp:attachment":[{"href":"https:\/\/www.cenfesac.org.mx\/index.php\/wp-json\/wp\/v2\/media?parent=8"}],"curies":[{"name":"wp","href":"https:\/\/api.w.org\/{rel}","templated":true}]}}